.
8
What is the remainder when 780 is divided by 86?
6
What is the remainder when 138 is divided by 1?
0
Calculate the remainder when 81 is divided by 33.
15
Calculate the remainder when 2007 is divided by 289.
273
Calculate the remainder when 333 is divided by 87.
72
What is the remainder when 9860 is divided by 235?
225
Calculate the remainder when 336 is divided by 27.
12
Calculate the remainder when 87 is divided by 40.
7
Calculate the remainder when 1744 is divided by 80.
64
What is the remainder when 276 is divided by 102?
72
What is the remainder when 663 is divided by 53?
27
Calculate the remainder when 154 is divided by 33.
22
Calculate the remainder when 1179 is divided by 29.
19
What is the remainder when 618 is divided by 69?
66
What is the remainder when 242 is divided by 91?
60
Calculate the remainder when 173 is divided by 52.
17
Calculate the remainder when 1937 is divided by 36.
29
What is the remainder when 3479 is divided by 1142?
53
What is the remainder when 362 is divided by 5?
2
Calculate the remainder when 1762 is divided by 373.
270
Calculate the remainder when 178 is divided by 37.
30
Calculate the remainder when 3595 is divided by 31.
30
What is the remainder when 223 is divided by 63?
34
What is the remainder when 4768 is divided by 90?
88
What is the remainder when 375 is divided by 154?
67
What is the remainder when 27 is divided by 5?
2
What is the remainder when 93 is divided by 35?
23
What is the remainder when 330 is divided by 102?
24
Calculate the remainder when 153 is divided by 43.
24
What is the remainder when 728 is divided by 56?
0
Calculate the remainder when 322 is divided by 162.
160
Calculate the remainder when 1039 is divided by 52.
51
Calculate the remainder when 572 is divided by 17.
11
Calculate the remainder when 224 is divided by 33.
26
Calculate the remainder when 23 is divided by 9.
5
What is the remainder when 820 is divided by 16?
4
Calculate the remainder when 325 is divided by 73.
33
What is the remainder when 259 is divided by 26?
25
Calculate the remainder when 38 is divided by 4.
2
Calculate the remainder when 416 is divided by 105.
101
Calculate the remainder when 656 is divided by 81.
8
What is the remainder when 3679 is divided by 19?
12
What is the remainder when 539 is divided by 39?
32
Calculate the remainder when 46 is divided by 46.
0
What is the remainder when 839 is divided by 42?
41
What is the remainder when 360 is divided by 62?
50
What is the remainder when 112 is divided by 23?
20
What is the remainder when 673 is divided by 50?
23
Calculate the remainder when 176 is divided by 45.
41
What is the remainder when 20973 is divided by 92?
89
Calculate the remainder when 94 is divided by 15.
4
What is the remainder when 465 is divided by 61?
38
Calculate the remainder when 3569 is divided by 65.
59
Calculate the remainder when 187 is divided by 3.
1
What is the remainder when 2851 is divided by 92?
91
Calculate the remainder when 1483 is divided by 15.
13
What is the remainder when 80 is divided by 41?
39
What is the remainder when 103 is divided by 44?
15
What is the remainder when 482 is divided by 59?
10
What is the remainder when 1120 is divided by 10?
0
What is the remainder when 151 is divided by 57?
37
Calculate the remainder when 1967 is divided by 134.
91
What is the remainder when 129 is divided by 17?
10
Calculate the remainder when 369 is divided by 15.
9
Calculate the remainder when 1303 is divided by 85.
28
Calculate the remainder when 9457 is divided by 33.
19
What is the remainder when 1027 is divided by 922?
105
What is the remainder when 95 is divided by 52?
43
Calculate the remainder when 1159 is divided by 107.
89
What is the remainder when 1076 is divided by 18?
14
What is the remainder when 645 is divided by 205?
30
Calculate the remainder when 283 is divided by 98.
87
Calculate the remainder when 1009 is divided by 103.
82
What is the remainder when 3380 is divided by 142?
114
Calculate the remainder when 5077 is divided by 120.
37
Calculate the remainder when 2321 is divided by 136.
9
What is the remainder when 124 is divided by 37?
13
What is the remainder when 5141 is divided by 198?
191
What is the remainder when 1471 is divided by 303?
259
Calculate the remainder when 949 is divided by 303.
40
What is the remainder when 472 is divided by 28?
24
What is the remainder when 4805 is divided by 1200?
5
Calculate the remainder when 1874 is divided by 237.
215
Calculate the remainder when 267 is divided by 10.
7
What is the remainder when 2127 is divided by 52?
47
What is the remainder when 2156 is divided by 374?
286
What is the remainder when 1597 is divided by 327?
289
Calculate the remainder when 16381 is divided by 127.
125
Calculate the remainder when 1919 is divided by 28.
15
What is the remainder when 295 is divided by 37?
36
Calculate the remainder when 187 is divided by 70.
47
What is the remainder when 109 is divided by 11?
10
What is the remainder when 35 is divided by 15?
5
Calculate the remainder when 1342 is divided by 374.
220
What is the remainder when 76 is divided by 28?
20
What is the remainder when 532 is divided by 175?
7
What is the remainder when 947 is divided by 28?
23
What is the remainder when 69 is divided by 25?
19
Calculate the remainder when 410 is divided by 103.
101
Calculate the remainder when 71 is divided by 52.
19
What is the remainder when 15092 is divided by 37?
33
What is the remainder when 210 is divided by 160?
50
Calculate the remainder when 1503 is divided by 35.
33
Calculate the remainder when 231 is divided by 48.
39
Calculate the remainder when 181 is divided by 53.
22
What is the remainder when 500 is divided by 24?
20
Calculate the remainder when 6918 is divided by 2305.
3
Calculate the remainder when 1159 is divided by 18.
7
Calculate the remainder when 58 is divided by 11.
3
What is the remainder when 24 is divided by 15?
9
What is the remainder when 1664 is divided by 71?
31
What is the remainder when 645 is divided by 334?
311
What is the remainder when 1598 is divided by 4?
2
What is the remainder when 257 is divided by 138?
119
Calculate the remainder when 105 is divided by 24.
9
What is the remainder when 981 is divided by 954?
27
What is the remainder when 687 is divided by 86?
85
What is the remainder when 395 is divided by 6?
5
Calculate the remainder when 1021 is divided by 54.
49
Calculate the remainder when 231 is divided by 24.
15
What is the remainder when 209 is divided by 15?
14
What is the remainder when 3042 is divided by 203?
200
Calculate the remainder when 565 is divided by 8.
5
What is the remainder when 239 is divided by 64?
47
Calculate the remainder when 5619 is divided by 35.
19
Calculate the remainder when 604 is divided by 201.
1
What is the remainder when 10392 is divided by 33?
30
Calculate the remainder when 2165 is divided by 19.
18
Calculate the remainder when 79 is divided by 17.
11
Calculate the remainder when 206 is divided by 69.
68
What is the remainder when 392 is divided by 66?
62
Calculate the remainder when 97 is divided by 22.
9
What is the remainder when 41 is divided by 22?
19
Calculate the remainder when 1679 is divided by 35.
34
Calculate the remainder when 1154 is divided by 35.
34
What is the remainder when 232 is divided by 50?
32
Calculate the remainder when 141 is divided by 69.
3
Calculate the remainder when 448 is divided by 11.
8
What is the remainder when 1371 is divided by 55?
51
Calculate the remainder when 6996 is divided by 14.
10
What is the remainder when 46 is divided by 20?
6
What is the remainder when 404 is divided by 134?
2
Calculate the remainder when 220 is divided by 17.
16
Calculate the remainder when 1605 is divided by 23.
18
What is the remainder when 1718 is divided by 215?
213
What is the remainder when 340 is divided by 108?
16
What is the remainder when 1274 is divided by 10?
4
Calculate the remainder when 88 is divided by 14.
4
What is the remainder when 90 is divided by 53?
37
Calculate the remainder when 266 is divided by 16.
10
What is the remainder when 474 is divided by 40?
34
Calculate the remainder when 201 is divided by 34.
31
Calculate the remainder when 191 is divided by 33.
26
Calculate the remainder when 47 is 